8 - 6 - 45) + 15?
-56
-23 + (24 - -2) + -43
-40
Calculate 33 + -1 - (-4 + -9 + (-2 - -4 - -4)).
39
Calculate -1 + 11 + -43 + (-43 - -42) - -12.
-22
Evaluate -50 + -2 + (-2 + (11 - 0) + -29 - -14).
-58
What is 11 + (17 + -10 + 4 - 116 - -10)?
-84
Calculate (133 - (13 - -2) - 12 - -10) + 8.
124
Evaluate -1 + -5 + -5 - (-57 - -59) - -4.
-9
What is the value of -40 + 77 + -59 - 42?
-64
What is -83 + 29 + 216 + -167?
-5
Evaluate 56 + (18 - ((-3 - 13) + 50 + -23)).
63
What is the value of 4 - ((32 - 2) + 38 + -53) - 46?
-57
What is (-3 - (26 + -6) - -2) + (21 - 15)?
-15
What is the value of (-26 - (-18 - 23)) + 4 + -62?
-43
Evaluate (10 - (-1 + 44)) + 70 + -82.
-45
Evaluate (-14 - 33) + -33 - -34.
-46
What is -4 - 22 - -7 - (-16 - 6)?
3
Calculate (7 - 13 - -62 - -11) + -2 - (15 - 4).
54
-4 + -4 - (-1 - (29 - 33))
-11
Calculate 13 + 51 - (11 + -3 + -6 + 0).
62
What is the value of (37 - -4) + (15 + 6 - 41)?
21
What is (-16 - 5) + (8 + -12 + 22 - 16)?
-19
What is the value of -8 - (2 - (-11 + (13 - (-16 - -8))))?
0
Evaluate -1 + (7 - (0 + -1)) + (7 - -3).
17
What is 31 + -34 + 36 + (-2 - (-5 - -6))?
30
-59 + (-28 - 24) + 168
57
-13 - (55 - (130 + 26) - (-16 + -1))
71
What is 1 + -16 + (40 - (-121 + 77))?
69
Calculate -19 - (98 - -29) - -43 - 15.
-118
(15 - 24) + 5 + (-64 - -13)
-55
Evaluate -1151 + 1246 + -1 + -116.
-22
-209 - -270 - (-4 + -23)
88
-25 - 3 - 2 - (27 - (66 - 33))
-24
-23 + (14 - 19) - (-153 + 119)
6
Evaluate (1 - 19) + -1 - (-189 - -82).
88
-3 + 24 + 1 + -15 + -2
5
Calculate -66 + (88 - (-63 - -69)).
16
What is the value of -102 + (-39 - -11 - -67) - -37?
-26
What is the value of 14 - 9 - 28 - (-20 + 15)?
-18
88 + -33 + -53 - (6 + 1 + -2) - 71
-74
What is the value of (60 - (-52 - -68)) + -57 - (0 - -31)?
-44
(-116 - -1) + 24725 + -24679
-69
Evaluate -189 + 115 - -197 - 102.
21
Evaluate 3 + -44 + (-211 - (54 - 196)).
-110
What is the value of 18 - (12 - -6) - -47 - (0 + -2)?
49
What is the value of (77 - 161) + 78 - -36?
30
150 + 1 - (1 + -9 + -21 + (-13 - -53))
140
Calculate 39 - -2 - (20 + 36 - 53 - 22).
60
Calculate (25 + -17 - -1) + 10 + 11.
30
672 + -706 + (-3 - -5 - -18)
-14
(3 - (9 + -13)) + 7 + (-98 - 7) + 4
-87
(99 + 1 - -1) + (-22 - -32) + -16
95
What is (-106 + 1 - (3 + -11)) + 8 - (-17 - -4)?
-76
Calculate -3 + (3 + -2 + 4 - 3) + (27 - -3).
29
Evaluate (-157 - -130) + -83 + 7.
-103
Evaluate 20 + 2 + (-67 - -37).
-8
What is (-1 - (3 + -6) - (1 - 14 - 11)) + -5?
21
What is 14 + (-887 + 884 - (-7 - -1))?
17
23 + (4 - 9 - 14) + 92 + 9
105
Calculate -53 - (-26 + (28 - 39) + 9).
-25
1 + (1 - 8) + -44 + 113
63
(330 - 333) + (-14 - -5 - 1)
-13
What is (13 - ((-4 + 16 - -4) + -21)) + -9?
9
Calculate -103 - 0 - (-2813 - -2735).
-25
What is the value of -3 + -20 + 16 + 0 + 45 + -10?
28
37 + -47 + 18 - 18
-10
Calculate 9 - (-46 - 3 - (223 + -241)).
40
18 - (-3 + -1 - (127 + -126)) - -25
48
39 + -87 - 25 - -79
6
Calculate 3 - (40 - (-8 + 13 + 13)).
-19
What is the value of -78 - -74 - (-30 + 1) - 10?
15
What is the value of -1 + 5 - ((26 + -18 - 28) + 0)?
24
What is the value of 400 + -485 + (-8 + 7 - -24)?
-62
What is the value of 34 + -33 + 4 + -3 - (-63 - (26 + -13))?
78
(3 - (-3 - -1 - -2)) + (-76 - (-76 - -28))
-25
What is -13 + (-21 - -27) + (-1 - -10) + 1?
3
Evaluate 24 - 19 - (0 + 0 - (10 - 11) - 1).
5
Calculate -23 + (16 - (-43 - -10)).
26
Evaluate -62 + (0 - 16) + 29 - -126.
77
Evaluate -101 + (-136 - -62) + 243.
68
247 - 236 - (7 + -3 + 2) - -22
27
What is -398 + 317 - (-6 + (-12 - -6))?
-69
What is (-10 - (0 + -8) - 34) + 9 + -19?
-46
Evaluate -48 + 1 - 0 - (50 + -138 + 75).
-34
What is -17 - (-57 - -21) - 23 - (-61 - 1)?
58
(7 - 16 - 1) + (23 - 1 - 116)
-104
(7 - 14 - -37) + 18 + 15
63
What is the value of 9 + -7 + 2 + 24 + 0 - 0?
28
What is the value of -47 - (1 - 97) - -78?
127
What is 0 - 9 - (2 - 55 - (-162 - -29))?
-89
Evaluate 1 + 0 - 5 - (-28 - (1 - 66)).
-41
-29 + -140 + 106 - 1
-64
What is the value of 2 + (1 - (-5 + 7 + 2)) + 2 + -100?
-99
Calculate 8 + -36 + 38 + (-5 - -2 - -24).
31
-110 - (-61 + (76 - 70))
-55
Evaluate 1 + -4 + (-33 - 4) - (-413 + 401).
-28
(-45 - -43) + 24 + -54
-32
Evaluate 0 - -52 - ((66 - 36) + -12).
34
-36 + -8 - (-18 + -1 + (11 - 6))
-30
What is (-20 - (10 - 19)) + -5 - 2?
-18
What is the value of -40 + 40 - (-11 + -14 + 8)?
17
What is 174 + -156 - (-24 + -10)?
52
Calculate 143 - (100 + -97 - -28).
112
5 - (-1 + 5 - -1 - (298 + -52 - 331))
-85
Calculate (-4 - 28) + 85 + -39.
14
What is the value of 1058 + -1001 - (13 - 2)?
46
Evaluate 2750 + -2801 - (-8 + 0 + -1 + 0).
-42
Evaluate (2311 - 2310) + 1 + -7.
-5
Calculate -49 - (-48 - (-11 + 22)) - (34 - (-2 - -2)).
-24
(7 + -9 + -9 - ((5 - -55) + 4)) + -5
-80
Calculate -62 + (-55 - (-114 - -63)).
-66
-15 + 18 + 19 + (-7 - 0)
15
1 + -1 + 60 + 165 + -231 + 84
78
What is the value of -35 + (-121 - -145 - (-5 - -3))?
-9
Calculate (-2 - -2) + (-3 + 4 - 0) - (2609 - 2493).
-115
What is (-38 - 1) + (-1 + -17 - (-2721 - -2714))?
-50
-95 + 79 - (-3 + (1 - 5)) - 3
-12
Evaluate 4 + -6 + 13 + (-43 - 1) + (12 - -2).
-19
Calculate -946 + 902 + 3 + -10.
-51
What is the value of 34 + -16 + 65 + -36 + (5 - 3 - 10)?
39
Evaluate -15 + 8 + 6 + 29 + -5.
23
What is the value of 12 + 2 + -26 + (-4 + 1 - 15)?
-30
Calculate 83 + (-77 - -2) + (-6 - (4 - (4 - 3))).
-1
What is 48 - (257 + -286 - (-36 + -2))?
39
What is 5 + 13 + -31 + (-4 - 10) + -24?
-51
Evaluate 13 + -98 + 69 - (-6 - 0) - (65 - 0).
-75
Evaluate 136 + (42 - 37) + (16 - 1) + -7.
149
What is (-596 - -556) + -7 + (2 + -1 + 0 - -2)?
-44
What is -46 + (-21 - (-27 - (2 - (2 - -7) - 7)))?
-54
What is -37 - (-39 + 16 + 45)?
-59
What is -103 + (-24 - -205) - 62?
16
(2 - 4 - -6 - 18) + (-132 - -203)
57
What is -13 + (3 - 18) - (4 + 29)?
-61
7 - (33 + (-160 - -154) + 0 + 18)
-38
What is (-38 + 59 - 75) + -3?
-57
20 - ((-40 - 3) + -10 + 15 + -6)
64
Calculate 7 + -10 + 7 - (-27 + 1 - -12).
18
-29 - 18 - -74 - (-45 + -1)
73
20 - (0 + 22 + -39 - -18)
19
What is (16 - (136 - 31)) + -28 + 6 + -11 + 2?
-120
Evaluate 7 + -2 + (-1 - -15) + (-9 - (-27 + -10)).
47
Calculate (-5 - -11) + -16 - (4 - (52 - 11)).
27
What is (18 - 74) + (-23 - -86)?
7
(47 - 38) + (19 - (17 + -49))
60
Calculate (-31 - (-9 + 2)) + -22 + 40.
-6
What is the value of -34 - (-16 - (-121 + 67))?
-72
What is 6233 + -6244 - (-53 - (3 + -1 - 1))?
43
Evaluate (85 + -29 - 51) + 12.
17
(4 + 17 + -27 - 12) + 23 - 142
-137
What is 491 + -495 - (-3 - -17 - -2)?
-20
Evaluate (0 - 3) + (29 - 19) - (43 + -1 - -1).
-36
Evaluate 22 + 11 + -16 + (-20 - 26).
-29
What is the value of -5 + 4 + -1 + -26 - (858 - 872)?
-14
Evaluate 67 - (-36 - -106) - (-32 - -19).
10
What is -2 + -48 + 68 - 41?
-23
What is the value of 1 + (61 - 34) - 10 - -14?
32
Calculate (-1 - -3 - (0 + -5 - 7)) + -5 - -16.
25
-62 - ((17 - (3 + 8)) + -9 + 6)
-65
Calculate 0 - (41 + -69) - 12.
16
Evaluate (-1 - (0 + 14)) + -2 + (6 - -2).
-9
25 - (27 - (22 + -33 + -17))
-30
Evaluate -199 - (-89 + 127) - -125.
-112
Calculate 2 - 5 - (7 - (-20 + 46) - 1).
17
Calculate 27 + -54 + 22 + 10 + 0.
5
-147 + 128 + -86 + (-36 - 0)
-141
-17 - ((6 + 8 + -6 - 14) + -1) - -46
36
46 + -30 + 47 + -28
35
What is the value of -19576 + 19438 + (34 - 0)?
-104
What is the value of (26 - 4) + -1 + (29 - 24)?
26
-17 + (10 - (-21 + -19)) - -2
35
What is 1 - (1 + -23) - (18849 + -18826)?
0
-1 + 1 + -22 + 16 - (-18 + -6 + -24)
42
Evaluate 2 + 99 - 0 - (-11 + -6 + -62 + 73).
107
Evaluate (-73 - -54 - -15) + 1 + (3 - 7) + 107.
100
What is -25 - ((-4 - 8) + 24 + -25 + -2)?
-10
Calculate 18 - (9 - (54 + (11 - 14))).
60
What is 11 + ((21 - 19) + -9 - -7) + -6 + -82?
-77
-6 - 0 - ((-21 - (23 - 29)) + 33)
-24
(1381 - 1355) + (5 + -2 - 44)
-15
29 - (-18 + (43 - 56) + 53)
7
What is the value of -65 - (-66 - -16) - (-3 - -3)?
-15
Evaluate 18 - (-18 - -70) - (0 + 7 + 1).
-42
What is 76 + -73 + (3 - 55) + 1 + -9?
-57
Calculate 395 + -391 - (-2 + 3 - (-4 + -19)).
-20
What is the value of 2 + -1 - 14 - ((-11 - (-5 + -9)) + 7)?
-23
Calculate 3 - 46 - (41 - 68) - (0 - 34).
18
-4 - (-18 - (3 - 5)) - (-178 + 189)
1
(-3 - -13) + (32 - 26) + 15
31
Evaluate 3 + 4 - -3 - (41 - (37 - 15)).
-9
17 - (-2 - 5 - (-35 - -53))
42
What is 13 - (-50 - -3 - -32)?
28
What is -2 + -13 + -3 + 8 + 17?
7
What is the value of 40 - (-12 + 19 + -25 - -38)?
20
Calculate